emainder when c is divided by a.
49
Suppose 20*t = 1532 + 1008. Calculate the remainder when t is divided by 38.
13
Let n(k) = 10*k + 10. Let s be n(-3). Let b = 0 - s. Calculate the remainder when ((-3)/2)/(6/(-152)) is divided by b.
18
Let o(s) = 13*s - 11. Let f be o(-12). Let k = 249 + f. What is the remainder when k is divided by 12?
10
Suppose 0*m = m + 5*i + 2, 8 = 3*m + i. Let n = m + 86. Suppose -18 + 41 = w. Calculate the remainder when n is divided by w.
20
Let p(q) be the third derivative of q**4/24 + 5*q**3/2 + 6*q**2. Calculate the remainder when p(-5) is divided by 3.
1
What is the remainder when 214 - 0/(18/6 + -4) is divided by 54?
52
Calculate the remainder when 123 is divided by (-1 + (-31)/2)*(-64)/24.
35
Let x = 8 + 22. Suppose -2*p - p + x = 0. Calculate the remainder when 38 is divided by p.
8
Let g be (-3)/7 + (-24)/(-7). Suppose 2 = w - g. What is the remainder when w is divided by 4?
1
Suppose 8*i - 7*i - 5*b = 43, -2*b = 5*i - 80. What is the remainder when ((-16)/6)/(2/(-48)) is divided by i?
10
Suppose -127*v = -140*v + 1261. Calculate the remainder when v is divided by 52.
45
Let w be 12*((-1)/1 - 14/(-8)). Let y be ((-1)/3)/(4/(-36)). Suppose 0 = -2*i + y + w. What is the remainder when 20 is divided by i?
2
Let g(y) = 8*y**3 - 3*y**2 - 3*y - 11. Calculate the remainder when g(3) is divided by 17.
16
Suppose -f - 4*g = -7*g - 11, 0 = 5*g + 10. Suppose 2*o - 91 = -5*m, -5*o = -7*o + 6. Suppose -7 + m = f*w. Calculate the remainder when w is divided by 2.
0
Let i = -228 - -297. What is the remainder when i is divided by 21*-4*(-1)/6?
13
What is the remainder when 3*(-2)/(-3) - (150 - 235) is divided by 16?
7
Calculate the remainder when (-858)/(-48) - -3*4/96 is divided by 7.
4
Let g be 4/(-14) + 270/63. Suppose -10 = g*j - 6*j. Let m(a) = -4*a - 7. Calculate the remainder when m(-4) is divided by j.
4
Calculate the remainder when (1 - (-8)/(-6))*1*-885 is divided by 15.
10
Let g = 85 + -98. Calculate the remainder when (429/(-6))/g*(2 + 0) is divided by 8.
3
Suppose -5*x - 14 + 339 = 0. What is the remainder when x is divided by (29 + -4)/((-12)/(-1)*19/228)?
15
Suppose s = 5*g + 26, 5*s = g + 27 + 7. Let u = 12 - s. Suppose -5*z + 4*v = -37, -5*z - v + 47 = -0*v. Calculate the remainder when z is divided by u.
3
Let f = 0 - -4. Suppose 442 + 840 = 4*i - 2*m, 5*i + f*m = 1596. Suppose i = 3*z + z. What is the remainder when z is divided by 27?
26
Suppose 3*s - 4*s + 2*z - 18 = 0, -z = -4. Let h = -32 - -105. What is the remainder when h is divided by (76/s)/((-14)/35)?
16
Let g be ((-48)/9)/(4/(-42)). Suppose 0*a = 2*a - g. What is the remainder when 110 is divided by a?
26
Let w = -197 - -205. What is the remainder when 35 is divided by w?
3
Let r(a) = a**3 - 5*a**2 - a - 12. Let o(t) = 2*t**2 - 5*t + 3. Suppose -2*l - 6 = -12. Let s be o(l). Calculate the remainder when r(s) is divided by 10.
8
Suppose -5*i + 130 = -25. What is the remainder when 948/8 + (405/6)/27 is divided by i?
28
Let d = 80 - 76. Calculate the remainder when 6 is divided by d.
2
Let z(k) = -k**3 + 22*k**2 + 17*k + 157. What is the remainder when 2 + 75 - (-6)/(-3) is divided by z(23)?
18
Let p be -3*4/9 - 37/(-3). What is the remainder when 28 is divided by 8/(-10)*(-9 - p)?
12
Suppose -3*q + 3*q - 4*q = 0. Suppose -3*c - 10 + 37 = q. Calculate the remainder when 51 is divided by c.
6
Suppose 3*d + 5*p = 2065, 94*d + 2*p = 95*d - 703. What is the remainder when d is divided by 140?
135
Let t = 558 - 438. Calculate the remainder when t is divided by 15.
0
Let j(p) = -p**3 + p**2 + 5*p + 16. What is the remainder when j(-3) is divided by 17?
3
Let u(l) = l**2 - l + 2. Let p be u(-4). Suppose -f - 4 = r + 4, 2*r + 4*f = -p. What is the remainder when 19 is divided by r + 15 + 2 + -5?
5
Let s = -242 + 264. Calculate the remainder when 65 is divided by s.
21
Let s = -2567 + 3645. What is the remainder when s is divided by 47?
44
Suppose 0 = 9*k - 1925 - 1945. Calculate the remainder when k is divided by 18.
16
What is the remainder when 18 - (36/(-63))/((-4)/42) is divided by 3?
0
Let a(c) = c**2 - 43*c + 129. What is the remainder when 31 is divided by a(40)?
4
Let u = 31 + -25. Suppose 7 = -2*r + 1. Let w = r + u. Calculate the remainder when 8 is divided by w.
2
Suppose 95 = 5*h - 4*f, 7*h - 2*h + f - 95 = 0. Calculate the remainder when 93 is divided by h.
17
Suppose 5*z + 2*n - 433 = 0, -176 = -2*z + n + n. Let m = z + -59. Suppose -f + 4*g + m = 2*f, -5*g = -2*f + 21. What is the remainder when 29 is divided by f?
5
Suppose -t - 285 = -4*s, 0 = -5*s - 5*t + 158 + 217. Calculate the remainder when s is divided by 25.
22
Suppose 0 = -4*n + n + 45. Suppose -5*s = -2*z - 165, 2*z - 4*z = -4*s + 130. Let o = -9 + s. Calculate the remainder when o is divided by n.
11
Suppose p - 16 = 7. Let b = 20 - p. What is the remainder when 32 is divided by (-32)/b + 14/42?
10
Suppose -13 = -2*u + 237. Calculate the remainder when 622 is divided by u.
122
Let g = -18 - -26. Suppose -3*k = 7 + 17. Calculate the remainder when 2/k + (-484)/(-16) is divided by g.
6
Let t(d) = 4*d + 12. Let n(a) = -7*a - 23. Let j(p) = 3*n(p) + 5*t(p). Let q be j(-10). What is the remainder when 40 is divided by (-143)/13*(-1)/q?
7
Let z = 82 - 173. Let a(d) = 24*d**2 - d. What is the remainder when a(1) is divided by 66/10 - (-3 - z/35)?
2
Let s = -29 + 77. Let l(m) be the second derivative of 3*m**5/20 - m**4/6 + m**3/6 - m**2/2 + 19*m. Calculate the remainder when s is divided by l(2).
14
Let q = -338 + 373. What is the remainder when q is divided by 14?
7
Let q = -2 + 2. Suppose 5*u - 23 - 2 = q. Suppose 3*w + 2*s - u*s = 90, -5*s - 15 = 0. Calculate the remainder when 107 is divided by w.
26
Suppose -5*y + 15 = 0, 7*j + 270 = 4*j + 2*y. Let m = j - -1. Let f = -17 - m. Calculate the remainder when f is divided by 24.
22
Let a be (-12)/(-7) + 2/7. Let r(w) = -3*w - 2*w - a*w + 2*w - 14. What is the remainder when 63 is divided by r(-6)?
15
Suppose 535 + 361 = 16*n. What is the remainder when 386 is divided by n?
50
Let a(f) = 13*f - 2. What is the remainder when a(3) is divided by (-132)/297*(2 - 137)/3?
17
What is the remainder when 3 + 0 + 228 + 8 is divided by 35?
29
Let w = 36 - 34. Suppose w*h + 2*s - s = 61, s + 5 = 0. What is the remainder when h is divided by 5?
3
Let t(v) = -4*v**3 - v - 1. Let g = 33 - -62. Let x = -88 + g. Calculate the remainder when x is divided by t(-1).
3
Suppose 0 = -5*o + f - 0*f - 55, 0 = -3*o - 2*f - 20. Let b = -7 - o. Suppose b*s = 18 + 6. What is the remainder when s is divided by 3?
2
Let v(j) be the second derivative of j**4/12 - j**3/6 + j**2/2 + 26*j. Let o = -53 + 103. What is the remainder when o is divided by v(-3)?
11
Let b(h) = h**2 - 4. Let u be b(3). Calculate the remainder when 69 is divided by (8 - 2) + 20/u.
9
Let o = 254 - -52. What is the remainder when o is divided by 28?
26
Let i = -332 + 340. What is the remainder when (74/6)/((-5)/(-15)) is divided by i?
5
Let x(z) = z**2 + 2*z - 95. What is the remainder when x(-17) is divided by 11?
6
Let h(b) = -b**2 + 8*b + 2. Let s(m) = 16*m + 55. What is the remainder when s(13) is divided by h(6)?
11
Suppose 2*s + c - 231 = 0, 4*s + 7*c - 3*c = 472. Calculate the remainder when s is divided by 19.
18
Let v(p) = 2*p**3 - 80*p**2 + 80*p + 58. Calculate the remainder when v(39) is divided by 6.
4
Let y be (-40)/3*(-63)/28. Let i = y - 25. What is the remainder when 8 is divided by i?
3
Let g(y) = y**2 + y - 6. Let z be g(0). What is the remainder when (-3)/z - (1644/(-8))/3 is divided by 12?
9
Let d(a) = -5*a + 1. What is the remainder when (-1 - -3) + 21 + 7 is divided by d(-3)?
14
Suppose 4*a - 708 = -2*v, -66*v + 70*v = -3*a + 1391. Calculate the remainder when v is divided by 70.
64
Suppose 0*h = -4*h + 20. Suppose 4*s - 111 = -5*i, -17 = -h*i - 2. What is the remainder when s is divided by -6*(-13 - (-650)/60)?
11
Let f = 1302 - 1264. What is the remainder when 278 is divided by f?
12
Let p(i) = 13*i - 5. Let m be p(1). What is the remainder when 66 is divided by ((-51)/12)/(m/(-64))?
32
Let b(f) = 11*f**2 - 24*f + 5. Let y be b(-17). Suppose -z - 2*u + 1974 = -1597, 0 = z - 5*u - y. Calculate the remainder when z/63 - 2/(-9) is divided by 15.
12
Let m = 169 + -94. Cal